 0 = 4*w + u + 35. Let p be r(w). What is the tens digit of 2*p/8 - -12?
1
Let c(u) = 4*u**3 - u**3 + 6*u + 0*u - 5 - 4*u**3 + 11*u**2. What is the tens digit of c(11)?
6
Let r = -8024 - -12634. What is the thousands digit of r?
4
Let q(o) = -o**3 - 2*o**2 - o + 2. Let j = -15 + 22. Let v be (-2)/(j/(84/8)). What is the units digit of q(v)?
4
What is the tens digit of 90848/20 - (-23)/((-460)/8)?
4
What is the units digit of 5/((-2)/8*4) - -1507?
2
Let k(z) = z + 1. Let t be k(-2). What is the tens digit of t/4 - (-2366)/56?
4
Suppose l + 154 - 62 = 0. Let c = l - -113. What is the units digit of c?
1
Let y(r) = -2*r**2 - 31*r - 40. What is the units digit of y(-14)?
2
Let k(u) = 3*u + 225. What is the hundreds digit of k(25)?
3
Let g be (3 + (4 - 8))*20. Let j = g + 48. What is the units digit of j?
8
What is the hundreds digit of 12180/464*112/3?
9
Let n(v) = 17*v**2 + 2*v + 3. Let z be n(-1). Let s = -18 + z. Suppose 2*m - 2*g - 33 = -3*g, m + 5*g + 6 = s. What is the units digit of m?
9
Let u = -56 + 115. What is the tens digit of u?
5
Suppose 40*u + 1382 = 4022. Suppose -54 = 3*j + 75. Let f = u + j. What is the units digit of f?
3
Let b(q) = 45*q**3 - q**2 + 2*q - 4. What is the hundreds digit of b(3)?
2
Suppose -5*o = -5*a + 15, 2*a = 4*o + 12 - 0. Suppose 4*n + a*n = 8. Suppose 64 - 24 = n*m. What is the tens digit of m?
2
Let k(h) = -5*h + h**3 - 88 - 83 + 170 - 8*h**2. What is the hundreds digit of k(10)?
1
What is the tens digit of 4/(-6) - 1376/(-12)?
1
Let u(s) = s**3 - 17*s**2 + 25*s - 64. What is the thousands digit of u(19)?
1
Suppose 23*w - 4*w = 10222. What is the units digit of w?
8
Let q(a) = 6*a**2 + 122 - 122 + 4*a + 5*a**2. What is the units digit of q(2)?
2
Let s = -6896 - -10036. What is the hundreds digit of s?
1
Let u(k) = -k. Let a be u(-4). Let o be a/(-6)*(-9 - -6). Suppose -f + 9 = -o*h - 5, 5*f - 4*h - 82 = 0. What is the tens digit of f?
1
Let o = -510 - -519. What is the units digit of o?
9
Let w = -7 + 11. Suppose 0 = 3*o - w*i + 26, -3*o - 2*o = -5*i + 35. What is the units digit of 4/(-8) + (-61)/o?
0
Suppose -4166 = -4*f + 5*p + 481, -4*f + 2*p = -4650. What is the hundreds digit of f?
1
Suppose -11 = -2*c - 29. Let g(k) = -23*k + 42. What is the tens digit of g(c)?
4
Let h = -2020 + 3058. What is the tens digit of h?
3
Let w(b) be the second derivative of -b**4/12 - 13*b**3/6 + 17*b**2/2 + b. What is the tens digit of w(-10)?
4
Let b(a) = 2*a - 21. Let w(h) = 13*h - 62. Let k be w(7). What is the units digit of b(k)?
7
What is the units digit of 14*(-20)/16*-6?
5
Let o be 3 - 1 - (-3)/((-3)/(-2)). Suppose -5*u + 428 = 2*f, -o*u - 4*f + 426 = u. What is the units digit of u?
6
Let n(v) = 2*v**2 + 2*v + 1. Let p be n(-2). Suppose -5*w + 8 = -3*x + 32, 3*w + 56 = p*x. What is the units digit of x?
3
Suppose 142*q - 104*q - 13794 = 0. What is the hundreds digit of q?
3
Suppose 0 = 15*k - 5*k - 21270. What is the units digit of k?
7
Let n be (2/(-3))/(1/(-6)). Suppose -n*w + 8 = -3*o - 2*o, -3*w = o - 6. Let r = o - -28. What is the tens digit of r?
2
Suppose 4*x = 6*x - 8. Suppose 8 = -a + x. What is the tens digit of (-2)/a + (-775)/(-10)?
7
Let s = 16 + 20. What is the tens digit of 24/s + 136/3?
4
What is the units digit of (-4 - -188) + 0/(5 + -4)?
4
Let m = -40 - -17. Let b = -20 - m. Suppose 126 = 3*p + 3*l, -p - 3*p - b*l = -163. What is the tens digit of p?
3
Suppose -t + 3 = -2*t. Let m be 25/(-5) + (3 - (2 - -2)). What is the tens digit of (-26)/m*-1*t?
1
Let y = 384 + 77. What is the units digit of y?
1
Let m be (658/4)/((-3)/(-6)). Let t = m + -180. What is the units digit of t?
9
Suppose -6*q = 5*c - 5*q - 31, -4*c + 2*q = -36. Suppose c*o = -3*o + 400. What is the tens digit of o?
4
What is the tens digit of 10 + -5 + 229 - -1?
3
Let b be 315/1 - 24/8. Suppose 984 - b = 14*s. What is the tens digit of s?
4
Let i be 2/(-6) + 80/15. Suppose -4 = -b + 4*w + i, 0 = -3*b + 2*w + 17. Suppose -b*a + 0*a = -40. What is the units digit of a?
8
Let h(l) = -12*l**2 + l - 1. Let q(k) = 11*k**2. Let w(r) = 5*h(r) + 6*q(r). What is the units digit of w(-6)?
1
Suppose -4*l + 7*l = 5*h + 14341, 4*l - 2*h - 19126 = 0. What is the units digit of l?
2
Suppose -2*f = -6 - 0. Suppose -241 = -f*t - 55. What is the tens digit of t?
6
Let w(t) be the first derivative of -11*t**2 - 13*t - 25. What is the tens digit of w(-3)?
5
Let q = 1 - -2. Let o = 0 + q. Suppose 43 + 55 = 4*g - 2*s, -o*g = s - 61. What is the tens digit of g?
2
What is the hundreds digit of (3/(-3) - 79)*14/(-5)?
2
Let l(d) = -d**3 - 6*d**2 + 23*d + 22. What is the units digit of l(-10)?
2
Let h = -14 + 18. Suppose 5*i + 46 = t, 4*i = t + h*t - 293. What is the tens digit of t?
6
Let z = 85 + -83. Suppose 321 = z*g - 121. What is the tens digit of g?
2
Let j be (3/(3/10))/(2/1). Suppose -j*v + 493 = -3*f, 0*f - 486 = -5*v - 4*f. What is the tens digit of v?
9
Suppose -6 + 0 = -2*g - v, -4*v - 15 = -5*g. Let h(a) = g + 1 - 3*a - 2. What is the units digit of h(-2)?
8
What is the units digit of (10/(-4))/(-5)*(-6792)/(-12)?
3
Let s = 243 + -315. Let q be (24/9 - 1)*-18. Let g = q - s. What is the units digit of g?
2
Let p be ((-12)/14)/(5/(-35)). Let a be 20/p*(-210)/(-25). What is the tens digit of 8 + -8 - a/(-2)?
1
Let x = 499 - 172. What is the units digit of x?
7
Let q(u) = 50*u**2 + 2*u + 1. Suppose 9*d - 13*d - 4 = 0. What is the units digit of q(d)?
9
Let h(o) = -4*o**3 + 3*o**2 - o - 4. Let f be h(3). Let q = f - -163. What is the tens digit of q?
7
Let c(q) = 21*q + 299. What is the tens digit of c(-6)?
7
What is the hundreds digit of (9 - 4) + -1 + 611?
6
Let z be (15/18)/((-4)/(-24)). Suppose -3*n + 0*d = -z*d - 183, -65 = -n + 3*d. What is the units digit of n?
6
Let o(b) = b - 1. Let s(n) = -2*n + 0 - 1 + 3. Let h(a) = 3*o(a) + s(a). What is the units digit of h(5)?
4
Let m be (9/(-15))/(1/(-5)). Suppose -h + 3*w + 180 = 2*h, m*h = 2*w + 177. What is the units digit of h?
7
Let f(t) = 11 - t**3 - 9*t - 11*t**2 + 4 - 6*t. What is the hundreds digit of f(-11)?
1
Let y = 147 - 30. What is the hundreds digit of y + -1 - -1*0/3?
1
Suppose -4*m - 32 = -6*f + 2*f, 4*f - 27 = 3*m. Suppose 3*v - 220 - 143 = -f*t, -t + 475 = 4*v. What is the tens digit of v?
1
Let c(z) = 3*z**2 - 13*z + 30. Suppose 50 = -2*d + 7*d + 5*u, 5*u - 26 = -d. What is the units digit of c(d)?
0
Suppose 2526 = 2*g - 2*b, -2*g + 0*g + 2511 = -5*b. What is the tens digit of g?
6
Suppose 2 = 2*c - h - 1, -3*c - 2*h = -22. What is the tens digit of (-2*255/3)/(c/(-2))?
8
Let f be (2/(-2))/((-3)/84). Suppose 0 = -y - 4*k + 7, k + 8 = 3*y - 0*k. Suppose -4*b + y*b = -f. What is the units digit of b?
8
Let s(v) be the third derivative of -v**5/60 + v**4/6 - v**3/6 + 17*v**2. Let i = 0 + 2. What is the units digit of s(i)?
3
Let k(o) = o**2 + 3*o - 3. Let z be (-2)/10 - 120/25. Let n be k(z). Suppose 120 = 5*p + 3*l, 2*l = p + n*l - 24. What is the tens digit of p?
2
Suppose -3*z + 3 = -15. Suppose 3*i + 2*a = -80, -3*a - z = 6. What is the tens digit of (16/i)/((-2)/81)?
2
What is the hundreds digit of (-141)/2*(25 + -29)?
2
Suppose -6*w + 504 = -828. What is the hundreds digit of w?
2
Suppose -2*o - o - 21 = 0. Let f(j) = 6*j**3 - 14*j + 2. Let a(u) = -u**3 + u**2 + u - 1. Let x(n) = -5*a(n) - f(n). What is the tens digit of x(o)?
3
Suppose 31*g - 35*g + 9888 = 0. What is the units digit of g?
2
Let z(x) = -x + 1. Let g be z(4). Let k = g - -5. Suppose -k*h + 5*h = 111. What is the units digit of h?
7
Let c(u) = -67*u**2 - 3 + 36*u**2 + 9*u + 32*u**2. Let n be (-8)/36 + 176/(-18). What is the units digit of c(n)?
7
Suppose 2*c = -11 + 43. Suppose 13*r + 123 = c*r. What is the units digit of r?
1
Let u(r) = -r**3 + 16*r**2 - 11*r + 12. Let s be u(15). Suppose 2*b - 4*k + s = 4*b, b + 4*k - 30 = 0. What is the tens digit of b?
4
Let t = -10 + 13. Suppose t*n = -0*n + 42. Suppose -n = 3*o - 92. What is the units digit of o?
6
Let q be (24/10)/(75/(-250)). Let j = 29 + -11. Let u = j + q. What is the units digit of u?
0
Let v(h) = -3*h - 10. Let c be v(-6). Suppose 10 + 78 = c*q. What is the tens digit of q?
1
Let g(u) = 8*u + 1. Let d(c) = -7*c. Let s(t) = -7*d(t) - 6*g(t). Let i be s(9). Suppose 4*j + j - 4*l - 200 = 0, -i*l = -j + 51. What is the tens digit of j?
3
Let r be 1